213
-541 (base 9) to base 14
-238
-3223 (base 5) to base 11
-369
-55025 (base 6) to base 9
-11348
What is -236b (base 12) in base 6?
-30215
What is 143755 (base 8) in base 10?
51181
Convert 4d8 (base 15) to base 3.
1111212
Convert -6030 (base 10) to base 11.
-4592
21001021 (base 3) to base 2
1010000010001
What is -10b (base 13) in base 8?
-264
What is -b4 (base 12) in base 10?
-136
Convert -2114 (base 7) to base 13.
-455
What is a568 (base 12) in base 16?
46a0
707 (base 10) to base 5
10312
-215 (base 16) to base 14
-2a1
Convert 257 (base 13) to base 14.
214
Convert 1122001122 (base 3) to base 5.
2011440
Convert -3725 (base 10) to base 6.
-25125
4023 (base 12) to base 10
6939
-165 (base 12) to base 13
-140
919 (base 12) to base 4
110211
-4510 (base 13) to base 6
-112354
Convert -1112 (base 6) to base 5.
-2020
e5a (base 15) to base 6
22551
Convert -22002000 (base 3) to base 5.
-142021
What is 25354 (base 7) in base 12?
3a67
335 (base 6) to base 15
8b
-88 (base 14) to base 10
-120
15e (base 15) to base 2
100111010
Convert -226 (base 9) to base 4.
-2322
11100111111110 (base 2) to base 16
39fe
Convert -3231 (base 4) to base 2.
-11101101
Convert -1001111001000 (base 2) to base 11.
-3894
What is 17a8 (base 15) in base 3?
21000012
4169 (base 12) to base 2
1101111100001
Convert 233203 (base 4) to base 14.
1175
-120331 (base 5) to base 2
-1000101110010
3c8 (base 16) to base 4
33020
27086 (base 9) to base 16
477f
627 (base 12) to base 9
1204
Convert 45a (base 16) to base 13.
679
What is 310 (base 14) in base 2?
1001011010
What is 1100002201 (base 3) in base 16?
66cd
1422 (base 7) to base 11
465
What is -949 (base 16) in base 14?
-c1b
-53042 (base 7) to base 14
-4a92
What is -10000101100 (base 2) in base 11?
-891
-343124 (base 5) to base 16
-3001
Convert -135053 (base 6) to base 3.
-122112020
64734 (base 8) to base 14
9c3a
Convert -1100111001100 (base 2) to base 5.
-202404
What is -11101101100 (base 2) in base 16?
-76c
-16035 (base 9) to base 5
-322332
-513 (base 10) to base 14
-289
Convert -2706 (base 8) to base 15.
-688
What is 2680 (base 9) in base 6?
13200
Convert -3ac (base 14) to base 16.
-2e4
1102012121 (base 3) to base 16
6ccd
What is -50b1 (base 12) in base 7?
-34402
What is -143033 (base 6) in base 5?
-414004
-28803 (base 9) to base 11
-13803
284 (base 9) to base 5
1423
Convert 13022 (base 4) to base 9.
558
1444 (base 8) to base 9
1083
What is 2a31 (base 12) in base 3?
20202201
What is 17294 (base 12) in base 14?
c17a
Convert 100330101 (base 4) to base 11.
48155
What is 1b9 (base 13) in base 16?
141
-14a (base 15) to base 16
-127
Convert 775 (base 9) to base 6.
2535
What is 170 (base 10) in base 4?
2222
-23e7 (base 15) to base 8
-16732
-1318 (base 14) to base 7
-12531
a75 (base 11) to base 2
10100001100
Convert -4303 (base 5) to base 13.
-356
43015 (base 10) to base 9
65004
Convert 10100122 (base 3) to base 12.
14bb
What is 304341 (base 5) in base 3?
111200022
Convert 1622 (base 7) to base 3.
220012
What is 3238 (base 9) in base 4?
211100
-24431 (base 5) to base 3
-2120010
Convert 7a (base 16) to base 5.
442
What is 12022 (base 4) in base 3?
112121
Convert 10000102 (base 3) to base 6.
14102
Convert -21101210 (base 3) to base 6.
-40550
Convert -5422 (base 8) to base 2.
-101100010010
What is 46b5 (base 13) in base 12?
5912
Convert 243 (base 7) to base 10.
129
Convert -142 (base 7) to base 16.
-4f
What is -c4d1 (base 14) in base 13?
-12574
-201112 (base 3) to base 15
-252
What is 26547 (base 11) in base 7?
215365
19b (base 16) to base 11
344
Convert -100011101 (base 2) to base 9.
-346
7155 (base 8) to base 3
12001210
140414 (base 5) to base 2
1011001100110
What is -261a (base 14) in base 12?
-3a54
Convert 379a (base 11) to base 15.
16ee
-41254 (base 6) to base 9
-7487
What is 2032 (base 4) in base 2?
10001110
What is 112112 (base 5) in base 4?
333000
1314 (base 7) to base 2
111110101
What is -11430 (base 7) in base 2?
-101110010001
Convert c580 (base 16) to base 13.
1a023
Convert 67 (base 15) to base 2.
1100001
What is -140022 (base 5) in base 7?
-22302
Convert 862 (base 9) to base 3.
222002
What is -3434 (base 7) in base 15?
-585
ae1 (base 15) to base 9
3334
Convert 782f (base 16) to base 11.
21130
-2b9 (base 16) to base 4
-22321
Convert -10011001110 (base 2) to base 16.
-4ce
-431 (base 7) to base 14
-118
Convert 659 (base 11) to base 12.
55a
Convert 11101001110001 (base 2) to base 16.
3a71
Convert -4029 (base 11) to base 3.
-21100100
What is 352 (base 7) in base 13?
112
What is 5491 (base 16) in base 12?
10641
-14455 (base 6) to base 9
-3178
-2004 (base 7) to base 4
-22302
What is 311013 (base 4) in base 16?
d47
What is 6759 (base 16) in base 13?
c072
What is -1300 (base 4) in base 6?
-304
Convert 6 (base 12) to base 4.
12
3112 (base 4) to base 6
554
What is 2eb7 (base 16) in base 15?
3824
-5035 (base 9) to base 15
-1152
Convert -b7bc (base 13) to base 12.
-12915
What is -3987 (base 11) in base 10?
-5177
-b3 (base 13) to base 14
-a6
What is 3356 (base 10) in base 8?
6434
What is -125 (base 7) in base 4?
-1010
Convert -1111001000001011 (base 2) to base 14.
-1881d
160 (base 11) to base 8
273
What is -30021 (base 4) in base 13?
-47a
Convert -1797 (base 13) to base 3.
-11210210
1cd (base 14) to base 2
101111001
Convert 2222 (base 8) to base 5.
14140
987a (base 11) to base 5
404114
What is 100111112 (base 3) in base 15?
20bb
Convert 3093 (base 12) to base 9.
7233
What is -1002312 (base 4) in base 15?
-1403
Convert 6593 (base 10) to base 9.
10035
Convert 1451b (base 12) to base 16.
6ee7
Convert -2002220220 (base 3) to base 13.
-15b70
What is 123412 (base 5) in base 6?
34253
What is -400 (base 14) in base 2?
-1100010000
What is -3d24 (base 15) in base 3?
-122221121
Convert -5254 (base 7) to base 4.
-130330
What is -1a5d (base 15) in base 3?
-21211121
-1939 (base 13) to base 12
-221a
-123 (base 13) to base 5
-1243
-6d1 (base 14) to base 2
-10101001111
180a (base 11) to base 13
1088
What is -1351 (base 6) in base 15?
-18a
What is 202a5 (base 11) in base 10?
29639
2265 (base 7) to base 11
696
What is -9ee (base 15) in base 3?
-10002022
-224 (base 6) to base 9
-107
Convert -3321 (base 9) to base 7.
-10066
Convert -110321 (base 4) to base 5.
-20322
1cc4b (base 13) to base 3
2220012201
Convert 1330 (base 7) to base 8.
777
Convert -2149 (base 16) to base 2.
-10000101001001
What is 1423 (base 5) in base 10?
238
What is -10000101 (base 3) in base 2?
-100010010101
-2b8 (base 16) to base 6
-3120
Convert 220133 (base 4) to base 9.
3488
Convert 2a2 (base 11) to base 2.
101100010
What is 140 (base 7) in base 12?
65
Convert 222000020 (base 3) to base 15.
5940
19f (base 16) to base 3
120101
-38124 (base 11) to base 14
-15d26
Convert 1001010110001 (base 2) to base 4.
1022301
Convert 398 (base 10) to base 4.
12032
-36561 (base 7) to base 9
-14080
What is 45543 (base 6) in base 4?
1211013
Convert -35544 (base 8) to base 13.
-6bc7
Convert -1976 (base 10) to base 2.
-11110111000
-163 (base 15) to base 8
-476
Convert -10330 (base 5) to base 7.
-2041
2040011 (base 5) to base 15
a006
What is -20777 (base 9) in base 2?
-11010110111111
Convert 5a4 (base 16) to base 13.
871
Convert 111000 (base 3) to base 8.
537
47224 (base 10) to base 5
3002344
What is 10502 (base 12) in base 7?
116363
Convert 2332322 (base 5) to base 2.
1010011101010101
What is 21210111 (base 3) in base 9?
7714
Convert 347 (base 9) to base 8.
436
What is -10031043 (base 5) in base 7?
-452445
Convert -813 (base 11) to base 10.
-982
-1155 (base 8) to base 6
-2513
Convert -31c1 (base 14) to base 8.
-20625
What is 20201020 (base 3) in base 7?
20160
Convert -370 (base 9) to base 12.
-216
1202 (base 5) to base 16
b1
Convert -650 (base 8) to base 10.
-424
What is -8036 (base 11) in base 4?
-2212333
-1104103 (base 5) to base 12
-b1a6
724 (base 8) to base 15
213
Convert -4761 (base 12) to base 6.
-101001
What is -444240 (base 5) in base 7?
-63252
-23110 (base 5) to base 3
-2021022
-11656 (base 7) to base 15
-da4
Convert -492 (base 11) to base 15.
-290
58b (base 14) to base 8
2117
-684 (base 11) to base 4
-30302
Convert 9a7 (base 13) to base 6.
11402
What is -24601 (base 7) in base 12?
-38b1
What is 1001100110111 (base 2) in base 8?
11467
1384a (base 12) to base 13
c46c
Convert -9a8c (base 16) to base 14.
-105c0
Wha